= 2*c - 5*c - 63. Suppose -i + 21 = x - v, 201 = 4*i - x. What are the prime factors of i?
3, 17
Let f(u) = -12*u**3 + 2*u**2 + 2*u + 3. Let x(y) = -36*y**3 + 7*y**2 + 6*y + 10. Let z(m) = 7*f(m) - 2*x(m). What are the prime factors of z(-2)?
3, 31
Suppose 3*q + 286 = -2*g, -4*g = -3*q - 103 - 171. Let y = 148 + q. Suppose 0 = -2*l + y - 0. What are the prime factors of l?
3
Let l = -139 - -423. Suppose 5*f + l = 7*f. What are the prime factors of f?
2, 71
Let q(a) = 1503*a - 172. What are the prime factors of q(2)?
2, 13, 109
Let l(h) = 70*h + 1. Let g(f) = -71*f - 1. Let q(u) = -4*g(u) - 5*l(u). What are the prime factors of q(-1)?
5, 13
Let s = -45 - -37. Let v = s - -52. What are the prime factors of v?
2, 11
Suppose 3*o - 101 = -5*s - 14, -6*o = -4*s + 36. What are the prime factors of s?
3, 5
Suppose -3*l = 2*l - 2*g - 26, -3*l + 26 = 4*g. Suppose -2*z + 5 = t - l, 0 = 4*z - 4*t - 40. What are the prime factors of z?
7
Let t(x) = -10*x + 65. Let m be t(6). Suppose -4*j - 2*b + 234 = 0, -56 - 143 = -4*j + m*b. List the prime factors of j.
2, 7
Suppose 0*q - 3*q = 18. Let t(d) = -8*d - d**2 - 33 - 26 + 55. List the prime factors of t(q).
2
Let v(i) = -316*i - 26. Let f be v(-2). Let q = f + -405. List the prime factors of q.
3, 67
Let d(p) = 2*p**3 - 3*p**2 + p + 1. Let n be d(2). Suppose -n*c + 732 = -430. List the prime factors of c.
2, 83
Suppose -15*i = -20*i + 210. Let r(v) = v**2 - 1. Let b be r(-1). Let o = b + i. List the prime factors of o.
2, 3, 7
Let b(d) = d**2 + 4*d + 39. What are the prime factors of b(-9)?
2, 3, 7
Let b(f) = -f**3 - 3*f**2 - f - 2. Let n be b(-4). Suppose -2 = -3*p + 4. Let i = p + n. List the prime factors of i.
2, 5
Suppose -10942 = 52*y - 94402. List the prime factors of y.
3, 5, 107
Suppose 0 = 5*d + 3*m, d - 2*m = 3*d. Suppose 5*h = -b + 75, -b + 67 = h - d*h. What are the prime factors of b?
5, 13
Let v(h) = -h**3 - 5*h**2 - 17*h + 9. List the prime factors of v(-7).
2, 113
What are the prime factors of 0 + 6/12 + 6174/12?
5, 103
Let c be 3/1*6/9. Suppose -c*b = -28 - 10. Suppose y = -g + 39, -y + 0*y + 3*g + b = 0. What are the prime factors of y?
2, 17
Suppose -5*a + g = -8271, 6*a - 8*a + 4*g = -3312. What are the prime factors of a?
2, 827
Let b be (-14)/6*(-11 - 64). Suppose -3*k + 320 = 4*o, 5*o - b = -k + 236. List the prime factors of o.
83
Suppose l + 0*l - 4 = 0. Suppose -182 = -l*b - 14. Suppose -2*k = -0*k - b. List the prime factors of k.
3, 7
Let n(y) = -y + 8. Let l be n(0). Let d = l + 0. Suppose d*g = 12*g - 264. What are the prime factors of g?
2, 3, 11
Let c = 22 + -16. What are the prime factors of 12900/80 + c/8?
2, 3
Let g = 0 + -1. Let h(v) = v + 1. Let x be h(g). Suppose 0 = w - x*w - 17. What are the prime factors of w?
17
Let t = -87 + 81. Let k = t + 95. What are the prime factors of k?
89
Let x be ((-9)/12)/(3/12). List the prime factors of 252/32 - x/24.
2
Suppose -5*y + 3*u + 2398 = 0, -u = -2*y + 1247 - 287. What are the prime factors of y?
2, 241
Let h = 12 + -12. Suppose 53 = -3*r - 5*y, -3*y - 1 = -r - h. Let k = r + 36. What are the prime factors of k?
5
Suppose -i + 5 = p - 17, 3*i - 2*p = 41. Let n(k) = -k**2 + 18*k + 10. List the prime factors of n(i).
3
Let v(q) = -q**2 + 4*q - 3. Let a be v(2). Let d be -8*(a - (-12)/(-8)). Suppose 5*h + 2*x - 1 = 74, d*h - 32 = 4*x. List the prime factors of h.
13
Let y(r) = 35*r + 51. List the prime factors of y(24).
3, 11
Let k = -440 + 885. What are the prime factors of k?
5, 89
Let u(y) = 3*y**2. Let j be u(-1). Suppose -3*c - d + 1 = -5, -2*c + j = d. Suppose -k + 42 = k - 3*p, c*k = 3*p + 69. What are the prime factors of k?
3
Suppose -3*p - 5*t - 54 = 0, -3*p = -4*t + 88 - 34. Let w = 80 + -40. Let g = p + w. List the prime factors of g.
2, 11
Let l = -536 + 4317. What are the prime factors of l?
19, 199
Let t(u) = 24*u**2 + 7*u - 26. List the prime factors of t(5).
3, 7, 29
Let f = 27 + -19. Suppose -g = 22 - f. What are the prime factors of 12/42 - 584/g?
2, 3, 7
List the prime factors of (-10)/((-40)/(-42))*-30.
3, 5, 7
Let h = 22 + -46. Let t(z) = z**2 + 25*z + 62. List the prime factors of t(h).
2, 19
Suppose -11505 = -70*v + 57*v. List the prime factors of v.
3, 5, 59
Suppose 5*z - 474 = -t, -4*t - 479 = z - 6*z. Let u = z + -49. List the prime factors of u.
2, 23
Suppose -92 = 3*k + 100. Let j = 129 + k. List the prime factors of j.
5, 13
Suppose 0 = -2*i + 5 + 19. Let k(b) = 19*b - 7. List the prime factors of k(i).
13, 17
What are the prime factors of (0 + -2400)/(36/(-24))?
2, 5
Suppose -2*f = -1157 + 377. List the prime factors of f.
2, 3, 5, 13
Let b(x) = -x**3 - 22*x**2 - 58*x - 16. Let m be b(-19). Suppose -2*q - 3*i = -73, 0*q - 5*i + 185 = 5*q. Suppose -m*g + q + 1 = 0. List the prime factors of g.
13
Suppose 27 = -6*q - 9. List the prime factors of -3 + (-22)/(-6) - 158/q.
3
Let p(a) = a**2 + 8*a + 7. Let g be p(-6). What are the prime factors of 28 + g + -2 + 6?
3
Let q(j) = 2*j**3 - 28*j**2 + 5*j - 149. What are the prime factors of q(21)?
2, 5, 613
Let u(w) = w**3 - 2*w**2 + w + 148. List the prime factors of u(0).
2, 37
Let a(p) be the third derivative of -p**6/180 - p**5/40 - p**4/12 + 3*p**2. Let f(b) be the second derivative of a(b). What are the prime factors of f(-9)?
3, 11
Let t(j) = -43*j + 2. Let i(o) = -1. Let f(g) = -2*i(g) - t(g). Let a be f(1). Let r = 73 - a. What are the prime factors of r?
2, 3, 5
Let n = -108 - -180. Let t = n + 31. What are the prime factors of t?
103
Suppose -a - 1 = -4. Suppose 3*c = 4*d - 218, 3*d + a*c - 176 = -c. List the prime factors of d.
2, 7
Let g be (-2)/(-8) + (-546)/(-56). Suppose -l + g = -3*l. What are the prime factors of ((-16)/(-6))/(l/(-60))?
2
Suppose 4*c + 690 = 5*g - 4*g, -6*c = 3*g - 1980. What are the prime factors of g?
2, 5, 67
Let q = 1707 - 474. What are the prime factors of q?
3, 137
Suppose -2*o - 156 = 146. Let w = -84 - o. List the prime factors of w.
67
Suppose 4*o + 5484 = 4*m, -5*m + 55*o + 6831 = 58*o. List the prime factors of m.
2, 3, 19
Suppose 5404 = 19*s - 4894. List the prime factors of s.
2, 271
Suppose 12 = 4*r - 4. Suppose -53 - 87 = -r*p - 4*j, -2*p + 67 = 3*j. What are the prime factors of p?
2, 19
Suppose 2*r = -3*g + 2980, 2*g + 382 - 2386 = 3*r. What are the prime factors of g?
2, 3, 83
Let t be (2 - 4)*-2 - 48. Let r = 30 - t. List the prime factors of r.
2, 37
Suppose 23*t = 27*t - 1176. Suppose -4*u = -2*u - t. List the prime factors of u.
3, 7
Let h(p) = 59*p + 40. What are the prime factors of h(8)?
2
Suppose 0 = 2*h - 6*l + 2*l - 1018, -3*l = 0. List the prime factors of h.
509
Suppose -6 = -0*q - 2*q. Let s(c) = 2*c**2 - 39*c + 16. Let n be s(19). What are the prime factors of (-1)/(n*q/234)?
2, 13
Let t(i) = 389*i**3 + i**2 - 4*i + 3. List the prime factors of t(1).
389
Let r(w) be the first derivative of -3*w**2/2 + 3*w - 6. Suppose 3*c + 2*j + 34 = 0, -c - 4*c - 25 = -3*j. What are the prime factors of r(c)?
3
Suppose 0 = v - 2*t - 8, 3*v - 4*v - 3*t - 2 = 0. Suppose -v*m + 21 = -19. List the prime factors of m.
2, 5
Suppose 3*r + 1 = -5. Let f(l) be the first derivative of 4*l**3/3 + 2*l - 33. List the prime factors of f(r).
2, 3
Suppose -5*d - 6 = 4*g, -4*g = 3*d - 0*g + 10. Let w = 242 + -240. Suppose 4*t - 136 = d*z, w*t - 4*z - 84 = z. What are the prime factors of t?
2
Let k(n) = n**2 + 1. Let h be k(1). Suppose h*t = 5*d - 3*t - 230, 3*t - 144 = -3*d. List the prime factors of d.
47
Let u(w) = w**2 - 8*w + 17. Let f be u(7). Suppose 847 = -f*m + 17*m. What are the prime factors of m?
11
Let t = -1244 - -2128. List the prime factors of t.
2, 13, 17
Suppose 3*r = 1 + 68. Suppose -32*z + 384 = -8*z. Let j = z + r. What are the prime factors of j?
3, 13
Suppose -2*q + 747 = 4*b - 79, -4*q = -b + 211. What are the prime factors of 5 + 1/1*-3 + b?
11, 19
Suppose -3*x = -2*t - t - 6984, -3*x + 6974 = -5*t. List the prime factors of x.
2333
Suppose -2*r + 95 = 5*u + r, 0 = 5*u + 4*r - 100. What are the prime factors of (12/u)/(6/40)?
5
Suppose 4*k = p - 1366 + 8724, -2*k + 3*p + 3684 = 0. List the prime factors of k.
3, 613
Let h be (27/15)/((-9)/(-60)). Let p(n) = n**3 - 12*n**2 - n + 14. Let q be p(h). Suppose x - 101 = -2*s, 3*s - 149 = -3*x + q*x. List the prime factors of s.
2, 3
Suppose 0*n + 6 = 3*